en 40 is divided by 22?
18
Calculate the remainder when 765 is divided by 18.
9
What is the remainder when 495 is divided by 67?
26
What is the remainder when 45 is divided by 2?
1
Calculate the remainder when 5711 is divided by 197.
195
What is the remainder when 133 is divided by 45?
43
Calculate the remainder when 957 is divided by 30.
27
What is the remainder when 489 is divided by 148?
45
What is the remainder when 942 is divided by 41?
40
Calculate the remainder when 104 is divided by 21.
20
What is the remainder when 246 is divided by 25?
21
What is the remainder when 1902 is divided by 28?
26
What is the remainder when 1508 is divided by 7?
3
What is the remainder when 498 is divided by 258?
240
Calculate the remainder when 42 is divided by 25.
17
Calculate the remainder when 380 is divided by 153.
74
Calculate the remainder when 1713 is divided by 7.
5
Calculate the remainder when 177 is divided by 30.
27
What is the remainder when 285 is divided by 5?
0
Calculate the remainder when 957 is divided by 24.
21
Calculate the remainder when 68 is divided by 40.
28
What is the remainder when 5054 is divided by 110?
104
What is the remainder when 1246 is divided by 29?
28
What is the remainder when 444 is divided by 14?
10
What is the remainder when 599 is divided by 20?
19
What is the remainder when 221 is divided by 47?
33
What is the remainder when 124 is divided by 26?
20
Calculate the remainder when 363 is divided by 13.
12
What is the remainder when 320 is divided by 14?
12
Calculate the remainder when 280 is divided by 17.
8
What is the remainder when 914 is divided by 55?
34
What is the remainder when 238 is divided by 112?
14
Calculate the remainder when 235 is divided by 35.
25
Calculate the remainder when 2527 is divided by 120.
7
What is the remainder when 13817 is divided by 282?
281
What is the remainder when 347 is divided by 11?
6
Calculate the remainder when 817 is divided by 290.
237
What is the remainder when 324 is divided by 65?
64
What is the remainder when 540 is divided by 8?
4
Calculate the remainder when 227 is divided by 46.
43
What is the remainder when 121 is divided by 3?
1
Calculate the remainder when 210 is divided by 76.
58
What is the remainder when 432 is divided by 14?
12
Calculate the remainder when 182 is divided by 29.
8
Calculate the remainder when 476 is divided by 97.
88
What is the remainder when 71 is divided by 62?
9
Calculate the remainder when 4274 is divided by 13.
10
Calculate the remainder when 2726 is divided by 105.
101
Calculate the remainder when 26 is divided by 7.
5
What is the remainder when 209 is divided by 42?
41
What is the remainder when 170 is divided by 26?
14
Calculate the remainder when 460 is divided by 82.
50
Calculate the remainder when 15885 is divided by 94.
93
What is the remainder when 200 is divided by 23?
16
What is the remainder when 135 is divided by 56?
23
What is the remainder when 1492 is divided by 19?
10
Calculate the remainder when 68 is divided by 3.
2
What is the remainder when 75 is divided by 63?
12
What is the remainder when 597 is divided by 24?
21
What is the remainder when 426 is divided by 10?
6
What is the remainder when 74 is divided by 26?
22
What is the remainder when 2158 is divided by 120?
118
What is the remainder when 514 is divided by 94?
44
What is the remainder when 19 is divided by 5?
4
What is the remainder when 5739 is divided by 14?
13
Calculate the remainder when 1571 is divided by 521.
8
Calculate the remainder when 337 is divided by 78.
25
What is the remainder when 33 is divided by 9?
6
Calculate the remainder when 21 is divided by 4.
1
Calculate the remainder when 433 is divided by 38.
15
Calculate the remainder when 197 is divided by 54.
35
Calculate the remainder when 308 is divided by 30.
8
Calculate the remainder when 570 is divided by 283.
4
Calculate the remainder when 639 is divided by 155.
19
What is the remainder when 58 is divided by 29?
0
Calculate the remainder when 1075 is divided by 98.
95
What is the remainder when 205 is divided by 10?
5
Calculate the remainder when 14 is divided by 3.
2
Calculate the remainder when 174 is divided by 9.
3
Calculate the remainder when 1442 is divided by 721.
0
Calculate the remainder when 10441 is divided by 14.
11
Calculate the remainder when 314 is divided by 73.
22
Calculate the remainder when 935 is divided by 26.
25
Calculate the remainder when 1415 is divided by 59.
58
Calculate the remainder when 701 is divided by 105.
71
Calculate the remainder when 260 is divided by 35.
15
Calculate the remainder when 1597 is divided by 8.
5
Calculate the remainder when 279 is divided by 23.
3
What is the remainder when 287 is divided by 9?
8
Calculate the remainder when 585 is divided by 287.
11
What is the remainder when 205 is divided by 36?
25
Calculate the remainder when 12418 is divided by 46.
44
Calculate the remainder when 753 is divided by 108.
105
What is the remainder when 6 is divided by 5?
1
Calculate the remainder when 1389 is divided by 8.
5
Calculate the remainder when 90 is divided by 21.
6
Calculate the remainder when 143 is divided by 64.
15
What is the remainder when 288 is divided by 89?
21
Calculate the remainder when 2276 is divided by 30.
26
What is the remainder when 66 is divided by 9?
3
What is the remainder when 613 is divided by 8?
5
Calculate the remainder when 779 is divided by 64.
11
Calculate the remainder when 227 is divided by 16.
3
Calculate the remainder when 733 is divided by 207.
112
Calculate the remainder when 96 is divided by 7.
5
What is the remainder when 1252 is divided by 6?
4
Calculate the remainder when 4157 is divided by 52.
49
What is the remainder when 1099 is divided by 17?
11
Calculate the remainder when 713 is divided by 120.
113
What is the remainder when 1125 is divided by 24?
21
Calculate the remainder when 1678 is divided by 24.
22
Calculate the remainder when 476 is divided by 321.
155
What is the remainder when 620 is divided by 203?
11
What is the remainder when 5201 is divided by 102?
101
Calculate the remainder when 732 is divided by 57.
48
What is the remainder when 432 is divided by 112?
96
Calculate the remainder when 102 is divided by 47.
8
Calculate the remainder when 1777 is divided by 14.
13
What is the remainder when 43 is divided by 20?
3
Calculate the remainder when 268 is divided by 9.
7
What is the remainder when 384 is divided by 36?
24
Calculate the remainder when 680 is divided by 62.
60
Calculate the remainder when 285 is divided by 18.
15
What is the remainder when 62 is divided by 33?
29
What is the remainder when 1563 is divided by 131?
122
What is the remainder when 606 is divided by 209?
188
Calculate the remainder when 38 is divided by 13.
12
What is the remainder when 537 is divided by 5?
2
Calculate the remainder when 262 is divided by 22.
20
What is the remainder when 1718 is divided by 123?
119
Calculate the remainder when 37 is divided by 14.
9
What is the remainder when 790 is divided by 155?
15
What is the remainder when 9357 is divided by 78?
75
What is the remainder when 65 is divided by 45?
20
What is the remainder when 102 is divided by 65?
37
What is the remainder when 166 is divided by 14?
12
Calculate the remainder when 226 is divided by 51.
22
Calculate the remainder when 581 is divided by 15.
11
What is the remainder when 145 is divided by 41?
22
What is the remainder when 113 is divided by 38?
37
Calculate the remainder when 59 is divided by 38.
21
Calculate the remainder when 45 is divided by 15.
0
Calculate the remainder when 3470 is divided by 89.
88
Calculate the remainder when 141 is divided by 12.
9
Calculate the remainder when 112 is divided by 72.
40
Calculate the remainder when 141 is divided by 76.
65
Calculate the remainder when 755 is divided by 91.
27
Calculate the remainder when 481 is divided by 164.
153
What is the remainder when 757 is divided by 40?
37
What is the remainder when 11597 is divided by 25?
22
Calculate the remainder when 260 is divided by 18.
8
Calculate the remainder when 9670 is divided by 62.
60
What is the remainder when 75 is divided by 22?
9
Calculate the remainder when 181 is divided by 178.
3
Calculate the remainder when 231 is divided by 111.
9
Ca